er when 3*(v/3)/(-5) is divided by 6?
5
Let f = -10 - -24. Let n(h) = h**3 + 3*h**2 - 2*h - 2. What is the remainder when f is divided by n(-3)?
2
Suppose 0 = -5*r + g + 273, 3*r - 59 - 115 = 4*g. Let l(j) = j + 31. What is the remainder when r is divided by l(-12)?
16
Let g = -109 + 172. What is the remainder when g is divided by 13?
11
Suppose 3*p - 275 = -2*p. Let s = 31 - 10. Suppose -4*j + s + p = 0. Calculate the remainder when j is divided by 10.
9
Let d(o) = -4 - o**2 + 3*o - 2*o**3 + 6*o**2 - 8*o**2. Let q be 23/(-7) + (-4)/(-14). What is the remainder when 40 is divided by d(q)?
12
Suppose 3*n - g = 164, 5*n - 3*g - 290 = 2*g. Let d(v) = -v**2 + 13*v + 2. Calculate the remainder when n is divided by d(12).
11
Let l(z) = -4*z - 32. What is the remainder when 71 is divided by l(-11)?
11
Let v = -5 - -11. Let y be 2/((-2)/(-1)) + 17. Suppose y = 4*g - v. Calculate the remainder when 16 is divided by g.
4
Let v(d) = d**2 + d + 2. Let i be v(0). Calculate the remainder when 27 is divided by (-1 - -7)*i - -2.
13
Let v(a) = a**3 + 7*a**2 - 11*a - 6. Calculate the remainder when 53 is divided by v(-8).
17
Suppose 13*z = 11*z + 14. Let f(t) = -t**3 - 6*t**2 - 6*t - 7. Let x be f(-5). Calculate the remainder when x*(11 - 1)/(-1) is divided by z.
6
Let l be -8*1 - (-2 - -4). Let c = -5 - l. Calculate the remainder when 14 is divided by c.
4
Let j be (66/9)/(8/(-12)). Let r = j + 13. What is the remainder when 4 is divided by r?
0
Suppose -30*y + 24*y = -102. Let a(c) = -3*c - 2. Calculate the remainder when y is divided by a(-4).
7
Let d = 10 - 6. Suppose 0*q - q = -3*t - 12, q + d*t = -2. Suppose 2*f - q = -f. What is the remainder when 4 is divided by f?
0
Suppose -4*f - 34 = -2*o, -3*o - 10 = 5*f + 5. What is the remainder when 32 is divided by f/10 + (-116)/(-10)?
10
Let a = -81 + 177. Suppose 0 = t + 3, -3*b - 3*t + a = 0. What is the remainder when b is divided by 9?
8
Suppose 94 = 8*v - 10. What is the remainder when v is divided by 1 - 1*-4*1?
3
Let i(t) = -t + 15. Calculate the remainder when 34 is divided by i(6).
7
Suppose -3*a = 3 + 6. Suppose 0 = -5*b - 5, 2*b = -f - 2*b. Let u = a + f. What is the remainder when 1 is divided by u?
0
Let j(u) = 2*u - 5. Let x be j(8). Let a = -6 + x. What is the remainder when 13 is divided by a?
3
Let l(a) = 2*a - 9. Suppose -6*j + 30 = -j. Let t be l(j). Suppose -b - 9 = t*h, -4*h - 28 = -5*b + b. What is the remainder when 7 is divided by b?
1
Let i = 5 - -5. Let c = -33 - -52. What is the remainder when c is divided by i?
9
Let l be (-1)/(1/3*-3). What is the remainder when 8 is divided by -3 + (0 - -5)/l?
0
What is the remainder when -10*-2*(-2)/(-2) is divided by 2*(3 + (-15)/(-6))?
9
Suppose 5*j = 3*b - 42, -3*b + 3*j + 42 = 5*j. Suppose -l + 0*l = -2. Calculate the remainder when (-82)/(-2) - (l - 1) is divided by b.
12
Suppose 39*o = -2*o + 1845. Suppose -4*j + 79 = -0*j - 5*z, 3*z = -5*j + 71. Calculate the remainder when o is divided by j.
13
Suppose 4*n = 3*o - 82, -3*o - 4*n + 73 = n. Let j(f) = 2 + 3 + 7*f - 3*f - 3*f. Calculate the remainder when o is divided by j(4).
8
Let z(c) = 3*c**2 - 11*c + 1. Let d(w) = -w**2 + w - 1. Let p(h) = -2*d(h) - z(h). What is the remainder when p(9) is divided by 1?
0
Let k(v) = -v**3 + 9*v**2 - v + 16. What is the remainder when k(7) is divided by 18?
17
Let q(x) = -6*x - 14. Calculate the remainder when 63 is divided by q(-6).
19
Let w = -8 + 16. Calculate the remainder when 177/12 - 1/(-4) is divided by w.
7
Suppose 0 = 5*y - r - 92, y + 91 = 5*y + 5*r. Let h be ((-6)/4)/((-3)/4). Calculate the remainder when 57 - (6/h - 2) is divided by y.
18
What is the remainder when (-5210)/(-65) - 2/13 is divided by 27?
26
Suppose -6*z + 45 = -z. Suppose 0*m - m = -z. What is the remainder when (17/(-3))/(1/(-3)) is divided by m?
8
Let y(q) = -2*q**3 + 2*q**2 - 1. Let r be y(1). Let c(j) = -j**2 - 5*j + 4. Let u be c(-6). What is the remainder when 43/(u - 3/r) is divided by 15?
13
Suppose 0 = 4*s - 9*s + 105. What is the remainder when 62 is divided by s?
20
Suppose 84 = l + 2*l. Let f be (-12)/54 - (-4)/18. Suppose 2*n - 4*n + 30 = f. What is the remainder when l is divided by n?
13
Suppose 0 = -2*g, 2*h = 5*g - 1 + 25. Calculate the remainder when h is divided by 9.
3
Let w(k) = -k**2 - 9*k - 2. Let l be 3*29*2/6. Suppose -3*t + 277 - l = 5*v, 3*t + 116 = 2*v. What is the remainder when v is divided by w(-5)?
16
Let w(g) = -g**2 - g. Let c(z) = z**2 - 4*z - 1. Let n(x) = c(x) + 2*w(x). Let h = -13 + 26. What is the remainder when h is divided by n(-5)?
1
Suppose 5*z + 20 = -0*z. Let i(l) = -l**2 - 5*l - 2. Let x be i(z). Suppose 7*r = -5*y + x*r + 85, 5*y - 97 = r. What is the remainder when y is divided by 10?
9
Let o be (-2)/(2/(-5)) + (-11 - -13). Suppose 0 = -4*m - 20, m = -w - 2*m - 19. Let b = w + o. What is the remainder when 4 is divided by b?
1
Suppose -2*q + 5*q = 4*a - 3, 5*q + 2*a = -5. Suppose -2*l = -0*l - 12. Calculate the remainder when l is divided by -4*(q - (-2 + 2)).
2
Let n = 30 + -6. Calculate the remainder when n is divided by 14.
10
Let k(s) = s**3 + 7*s**2 + 4*s - 2. What is the remainder when 699/21 + -4 - 6/21 is divided by k(-6)?
9
Let l = 29 + -17. What is the remainder when 35 is divided by l?
11
Suppose 0 = -2*l + 46 - 8. Calculate the remainder when 55 is divided by l.
17
Let x(n) = -n**2 - 11*n + 1. Calculate the remainder when x(-8) is divided by 9.
7
Suppose l = -3*l + 28. Suppose 0 = -2*f + l + 33. Calculate the remainder when 58 is divided by f.
18
Suppose 0 = 2*r - r - 18. Calculate the remainder when 71 is divided by r.
17
Suppose 3*j - 6*j + 6 = 0. Suppose -y - 2*v - v = -75, 3*y - 239 = -j*v. What is the remainder when y is divided by 28?
25
Let w(r) = -r**3 - 5*r**2 + 7*r + 8. Let v be w(-6). Suppose 7 = j - v. Calculate the remainder when 15 is divided by j.
6
Suppose 0 + 6 = 3*r. Let z(i) = 19*i. What is the remainder when z(r) is divided by (-50)/(-4) + (-2)/(-4)?
12
Let m(l) = -l**3 + 5*l**2 - 4*l + 5. Let j(z) = -3*z - 7. Let i be j(-8). What is the remainder when i/2 + 4/8 is divided by m(4)?
4
Suppose -u = -2*p - 1 - 5, 0 = u + 4*p. Suppose 4*y + 12 = -u*d, 2*y + 5 = 2*d - 3*d. What is the remainder when 20 is divided by 10 + y*2/(-4)?
9
Suppose u + 4*l - 19 = 0, -2*u + 5*l - 8 = 6. Suppose y - 5*n = u, -18 = -4*y + 4*n + 10. What is the remainder when 14 is divided by y?
6
Let b be (6/(-5))/((-12)/(-40)). Let q = 14 + b. Suppose -5*f = -0*f - 140. What is the remainder when f is divided by q?
8
Suppose 3*m + 2 + 9 = -2*h, 3*h = -4*m - 14. Let o(c) = -c - 8. Calculate the remainder when o(-12) is divided by h.
0
Let q = -30 + 37. What is the remainder when q is divided by 2?
1
Suppose 4*j + 18 - 118 = 0. Calculate the remainder when 147 is divided by j.
22
Let j = -32 + 59. Calculate the remainder when 75 is divided by j.
21
Let t = -29 + 62. Calculate the remainder when t is divided by 6.
3
Suppose 40 = 18*c - 13*c. Calculate the remainder when c is divided by 6.
2
Let q(g) = 2*g - 5. Let t be q(5). Let j(f) = f**3 - 4*f**2 - 2*f - 6. Let d be j(t). Suppose -15 - d = -2*h. What is the remainder when 23 is divided by h?
11
Let s(g) = -g**2 - 4*g - 7. Let t(o) = -o**2 - 5*o - 6. Let f(y) = -3*s(y) + 2*t(y). What is the remainder when f(-6) is divided by 12?
9
Suppose 0 = -0*g - g - 4*k + 105, g - 73 = 4*k. What is the remainder when g is divided by 30?
29
Suppose -5*g - 5*j + 95 = 0, -5*j + 32 = 2*g + 6. What is the remainder when 91 is divided by g?
22
Suppose 2*z - 11 = -u + 68, 0 = -z - 3*u + 47. Suppose -5*p + 3*q - 6*q + 56 = 0, 0 = 3*p - 4*q - 22. What is the remainder when z is divided by p?
8
Suppose -28 = -5*p - 3. Calculate the remainder when p is divided by 2/9 + (-68)/(-18).
1
Let a(r) = -r**3 + 2*r**2 + r - 2. Let d be a(2). Suppose -32 = -4*l - d*l + 4*q, -48 = -5*l - 3*q. Calculate the remainder when l is divided by 5.
4
Suppose -3*g - 371 = y, -4*g + g - 5*y - 379 = 0. Let h = g + 181. What is the remainder when h is divided by 20?
18
Let i(k) = -k**3 + 8*k**2 - 5*k + 5. Suppose -5*c + 11 = m - 0*m, 0 = -4*m + c + 65. What is the remainder when i(6) is divided by m?
15
Let d be (38/(-3))/(8/36). Let i = d + 112. Calculate the remainder when i is divided by 19.
17
Let f = -4 - -19. Calcula